-3) is divided by t?
0
Suppose -10*m + 113 = 13. Let n = 37 - 11. What is the remainder when n is divided by m?
6
Let n = 297 - 278. What is the remainder when n is divided by 18/2 + 1*2?
8
Suppose -5*y = -2*b - 366, -78 - 304 = 2*b - y. What is the remainder when (-5)/30 - b/6 is divided by 17?
15
Calculate the remainder when (-4 - (3 - 8))*62 is divided by 23.
16
Let w(o) = 8*o**2 + 2*o - 2. What is the remainder when w(1) is divided by 5?
3
Let q(g) be the first derivative of g**4/4 + g**3 - g**2/2 + 2*g + 4. Let w be q(-3). What is the remainder when 6 is divided by (-12)/(-30) - (-18)/w?
2
Let i(l) be the second derivative of -5*l**3/6 - 5*l**2/2 + l. Calculate the remainder when (-27 + 23)*((-39)/4 + 0) is divided by i(-5).
19
Let m(s) = s + 13. Let u be m(-11). Suppose 4*c = -12, 0 = u*p - 0*p - c - 11. Suppose p*i + 12 - 52 = 0. What is the remainder when i is divided by 4?
2
Let z = 12 + -14. Calculate the remainder when 18 is divided by z + 2 - 20/(-2).
8
Let u(o) = -11*o - 6. Calculate the remainder when 76 is divided by u(-2).
12
Suppose -2*h - 2*h = -2*v - 2, v = -2*h - 9. Let b(m) = 15*m**2 + m - 1. Let g be b(h). Suppose 6*f - g = 3*f. Calculate the remainder when f is divided by 10.
9
Let v = 161 - 71. Suppose 95 = 4*p + w - 25, 0 = -3*p + 5*w + v. Calculate the remainder when 119 is divided by p.
29
Suppose -6*f = -3*f - 87. What is the remainder when f is divided by 10?
9
Suppose 36 = 2*k - 26. Calculate the remainder when k is divided by 11.
9
Suppose 5*m = n + 23, 5*n + 2*m - 5*m + 27 = 0. Let h(u) = -4*u - 1. Calculate the remainder when 21 is divided by h(n).
10
What is the remainder when 146 is divided by 1*74*2/4?
35
Suppose 5*t - 4*t = -25. Let q = -17 - t. Calculate the remainder when 29 is divided by q.
5
Suppose 4*p = p + 72. Suppose 4*f - 8 = p. Suppose 4*s - f = -0*s. What is the remainder when 5 is divided by s?
1
Let i be 57/5 + (-4)/10. Suppose 5*d - 31 = -i. Suppose -14 = -d*r + 3*r. Calculate the remainder when 27 is divided by r.
13
Suppose 0 = 4*i + 3 - 111. What is the remainder when i is divided by 14 + 0 - 0/(-1)?
13
Let l(j) = -5*j**3 + 2*j**2. Calculate the remainder when l(-2) is divided by 13.
9
Let l = -45 + 13. Let p = 45 + l. Calculate the remainder when 23 is divided by p.
10
Suppose 0 = -0*g + g - 7. Let y(d) = d**3 - 7*d**2 + 5*d - 4. What is the remainder when y(g) is divided by 11?
9
Suppose 0 = -0*i + i - 11. Let n = -6 + i. Calculate the remainder when n is divided by 3.
2
Let a = 1 + 3. Let h = 52 - 31. What is the remainder when h is divided by a/14 - 54/(-7)?
5
Let j = -16 - -33. Calculate the remainder when 39 is divided by j + (-5 + 2)*-1.
19
Suppose 0 = m - x - 70, 6*x - 2*x = -2*m + 110. Calculate the remainder when m is divided by 22.
21
Let x = -3 - 2. Let a = x + 8. Calculate the remainder when a is divided by (2/4)/(2/8 - 0).
1
Suppose 5 = 8*l - 163. Suppose 0 = -v - h + 4 + 2, -4*v = -4*h. What is the remainder when l is divided by (-1)/(6/(-16))*v?
5
Suppose 34*c - 26*c = 112. What is the remainder when c is divided by 4?
2
Let w be (-4 + 3 - 0) + 56. Suppose -4*o + 57 = -w. Calculate the remainder when 82 is divided by o.
26
Let v(r) = r**2 - 7*r - 13. Let b be v(9). Suppose -251 = -b*j + 29. What is the remainder when j is divided by 158/8 + (-15)/20?
18
Let y(i) = 4*i**2 + i - 2. Let m(p) = 5*p**2 - 2. Let n(s) = 3*m(s) - 2*y(s). What is the remainder when n(3) is divided by 19?
17
Suppose -3*x + 24 - 9 = 3*n, -n + 5 = -3*x. Suppose n*p - 2*p = 18. Suppose 35 = 5*j + 4*i, 3*i + 19 - 4 = 0. Calculate the remainder when j is divided by p.
5
Suppose -v = -4*v + 4*m + 121, -194 = -5*v - m. What is the remainder when 153 is divided by v?
36
Let w = -8 - -11. Let n(m) = 6*m**2 - 4 + 11*m**2 - 2*m - 15*m**2. Calculate the remainder when n(w) is divided by 3.
2
Let w = -14 + 76. What is the remainder when w is divided by -28*(-2 + 10/8)?
20
Let z = 64 + -62. What is the remainder when 3 is divided by z?
1
Let u = -4 - -17. Let d(c) = -c**3 - 9*c**2 - 11*c + 1. Let x be d(-9). Suppose -3*h = h - x. Calculate the remainder when h is divided by u.
12
Suppose 2*y = -y + 78. Suppose -6 = -4*l + y. Suppose 2*r = 4 + l. Calculate the remainder when r is divided by 4.
2
Suppose -1 = 2*j - 29. What is the remainder when 54 is divided by j?
12
Suppose -o = -3*o + 14. Let j = o - 5. Suppose -v - j*v = -45. Calculate the remainder when v is divided by 8.
7
Let w(t) = -t**2 - 8*t + 6. Suppose 2*n = -3*n + 300. Suppose n = -0*m + 5*m. What is the remainder when w(-4) is divided by m?
10
Let z = 17 + -8. Let x = -15 + -6. What is the remainder when z is divided by (-99)/x + (-4)/(-14)?
4
Suppose -10 + 2 = -p. Let q(u) = -u**3 - 6*u**2 - 6*u. Calculate the remainder when p is divided by q(-5).
3
Let v(l) = -2*l**2 + 12*l - 7. Calculate the remainder when 4 is divided by v(5).
1
Calculate the remainder when -1 - (3 + -234)/3 is divided by 20.
16
Let x(j) = -j**2 - j - 1. Let l be x(2). Let v(i) = -i**3 - 7*i**2 - 8*i + 6. Let o be v(-6). Let b = l + o. What is the remainder when 31 is divided by b?
9
Let t = 115 - 85. What is the remainder when 84 is divided by t?
24
Let l(c) = c - 6. Let v be -18 + 0/(1 + 1). What is the remainder when (-4)/v + (-68)/(-18) is divided by l(8)?
0
Let b = 71 + -51. Let k = -2 - -6. Suppose -4*j + 3 = -5*a, 0 = -5*j + k*a + 11 + 4. Calculate the remainder when b is divided by j.
6
Suppose -5 = g, c - 11 = 2*g - 4. What is the remainder when (8/c)/((-6)/45) is divided by 8?
4
Let i = 11 + 0. Suppose i = 4*p - 41. What is the remainder when p is divided by 5?
3
Calculate the remainder when 32/(-12)*(-2 + -4) is divided by 9.
7
What is the remainder when 48 + (-4)/12*-6 is divided by 27?
23
What is the remainder when 38 is divided by (-12)/(-12)*(-1 + 21)?
18
Let n(z) = -z**2 + 8*z - 6. Let c be n(7). Let q = 1 - c. Let i(v) = -v**2 + 1. Calculate the remainder when i(q) is divided by 1.
0
Suppose -3*q - 84 = -7*q. What is the remainder when 83 is divided by q?
20
Suppose -2*k = 3*k - 175. Let w = 23 + -16. Let n(s) = 2*s - 2. Calculate the remainder when k is divided by n(w).
11
Suppose 0 = -2*o - 4 - 4. Let n(g) = -6*g + 11. Calculate the remainder when 102 is divided by n(o).
32
Suppose 0 = 3*p - 2*p - 36. Suppose 0 = 5*f - 5*x - 45, -5*f + 2*x + p = -0*f. What is the remainder when 11 is divided by f?
5
Let i be 27/2 - 2/(-4). Let b be 23/7 + (-4)/i. Suppose 2*x - 3 = -n, b*x - 5*n = -0*x + 11. Calculate the remainder when 5 is divided by x.
1
Let z = 22 + 76. What is the remainder when z is divided by 25?
23
Suppose -2*a = -6 - 4. Let k(q) = 3*q**2 + 4*q - 1. What is the remainder when k(-3) is divided by a?
4
Suppose -4*q + 2*f - 3*f + 428 = 0, 4*f = -q + 122. What is the remainder when q is divided by 18?
16
Suppose -30*s = -34*s + 144. Calculate the remainder when s is divided by 20.
16
Let t = 69 - -63. What is the remainder when t is divided by 27?
24
Let l = -10 - -54. What is the remainder when l is divided by 16?
12
Suppose 6*o + 30 = 8*o. Calculate the remainder when ((-4)/(8/58))/(-1) is divided by o.
14
Suppose -d + u = -0 + 16, 12 = 3*u. What is the remainder when (4/(-1))/(d/48) is divided by ((-3)/4)/((-1)/8)?
4
Suppose -3*h = -2 - 19. Calculate the remainder when 32 is divided by h.
4
Let g(x) = -x**3 - 27*x**2 - 24*x + 63. Calculate the remainder when g(-26) is divided by 6.
5
Let j = -28 - -76. Suppose 85 = 2*m + 3*m. Calculate the remainder when j is divided by m.
14
Let u(t) = -t**2 - 7*t + 3. Calculate the remainder when 12 is divided by u(-6).
3
Let d = 69 - 48. What is the remainder when d is divided by 2?
1
Let c(i) = -i**2 - i + 6. Let m be c(5). What is the remainder when (m + 5)/(1/(-1)) is divided by 8?
3
Suppose r - 24 = -3*r. Let k = -7 - -4. What is the remainder when 22/(-6)*k + 0 is divided by r?
5
Let p(h) = -h**3 + 10*h**2 - 12*h + 9. Calculate the remainder when p(8) is divided by 11.
8
Let m(w) = -41*w - 1. Suppose 3*u = -2*u - 5*h + 10, -3*u + 6 = h. What is the remainder when m(-1) is divided by 0 + 1/(u/28)?
12
Calculate the remainder when 13 is divided by (-1*6)/(8 - 10).
1
Let k = 138 + -75. Calculate the remainder when k is divided by 16.
15
Calculate the remainder when 74 is divided by 4/(-8) + (-110)/(-4) - 1.
22
Let v